{"id":366,"date":"2023-05-19T09:29:51","date_gmt":"2023-05-19T09:29:51","guid":{"rendered":"https:\/\/elektriliit.ee\/et\/?page_id=366"},"modified":"2024-02-01T01:10:35","modified_gmt":"2024-02-01T01:10:35","slug":"liidu-seisukohad","status":"publish","type":"page","link":"https:\/\/elektriliit.ee\/et\/publikatsioonid\/liidu-seisukohad\/","title":{"rendered":"Liidu seisukohad"},"content":{"rendered":"\n<ul class=\"wp-block-list\">\n<li>Liit l\u00e4htub seisukohtade kujundamisel liikmete kokkulepitud \u00fchistest huvidest.<\/li>\n\n\n\n<li>Liit ei kujunda seisukohti, mis seavad kahtluse alla liidu valdkondliku p\u00e4devuse.<\/li>\n\n\n\n<li>Liit kujundab oma seisukoha, v\u00f5ttes aluseks fakti- ja teadmisp\u00f5hisuse, kaaludes samas parimal v\u00f5imalikul viisil ka otsuse m\u00f5ju elektrit\u00f6\u00f6stusele tervikuna.&nbsp;<\/li>\n\n\n\n<li>Liiduna selgitame oma seisukohtade &#8211; valikute ja otsuste &#8211; tagamaid ning ei v\u00e4ldi informatsiooni andmist, v\u00e4lja arvatud juhul kui see puudutab konfidentsiaalset \u00e4risaladust v\u00f5i isiklikku elu.<\/li>\n<\/ul>\n","protected":false},"excerpt":{"rendered":"","protected":false},"author":1,"featured_media":0,"parent":356,"menu_order":0,"comment_status":"closed","ping_status":"closed","template":"","meta":{"_acf_changed":false,"footnotes":""},"class_list":["post-366","page","type-page","status-publish","hentry"],"acf":[],"_links":{"self":[{"href":"https:\/\/elektriliit.ee\/et\/wp-json\/wp\/v2\/pages\/366","targetHints":{"allow":["GET"]}}],"collection":[{"href":"https:\/\/elektriliit.ee\/et\/wp-json\/wp\/v2\/pages"}],"about":[{"href":"https:\/\/elektriliit.ee\/et\/wp-json\/wp\/v2\/types\/page"}],"author":[{"embeddable":true,"href":"https:\/\/elektriliit.ee\/et\/wp-json\/wp\/v2\/users\/1"}],"replies":[{"embeddable":true,"href":"https:\/\/elektriliit.ee\/et\/wp-json\/wp\/v2\/comments?post=366"}],"version-history":[{"count":4,"href":"https:\/\/elektriliit.ee\/et\/wp-json\/wp\/v2\/pages\/366\/revisions"}],"predecessor-version":[{"id":1051,"href":"https:\/\/elektriliit.ee\/et\/wp-json\/wp\/v2\/pages\/366\/revisions\/1051"}],"up":[{"embeddable":true,"href":"https:\/\/elektriliit.ee\/et\/wp-json\/wp\/v2\/pages\/356"}],"wp:attachment":[{"href":"https:\/\/elektriliit.ee\/et\/wp-json\/wp\/v2\/media?parent=366"}],"curies":[{"name":"wp","href":"https:\/\/api.w.org\/{rel}","templated":true}]}}

<ul class="wp-block-list">
<li>Liit lähtub seisukohtade kujundamisel liikmete kokkulepitud ühistest huvidest.</li>



<li>Liit ei kujunda seisukohti, mis seavad kahtluse alla liidu valdkondliku pädevuse.</li>



<li>Liit kujundab oma seisukoha, võttes aluseks fakti- ja teadmispõhisuse, kaaludes samas parimal võimalikul viisil ka otsuse mõju elektritööstusele tervikuna.&nbsp;</li>



<li>Liiduna selgitame oma seisukohtade &#8211; valikute ja otsuste &#8211; tagamaid ning ei väldi informatsiooni andmist, välja arvatud juhul kui see puudutab konfidentsiaalset ärisaladust või isiklikku elu.</li>
</ul>
